0/25 - 2/5?
3
Suppose 8188 = 2*b + 2504. What is the thousands digit of b?
2
Suppose 593561 = 107*q - 3927. What is the thousands digit of q?
5
Let r = -533 - -537. Let v(p) = 89*p + 3. What is the units digit of v(r)?
9
Suppose 3*t - 4*t + 303 = -z, -3*z + 291 = t. Let a = t - 212. Suppose 0 = 2*r - 5*u - 100, 0*u - a = -2*r - u. What is the tens digit of r?
4
Suppose -3*m = 2*z - 20822, m - 143*z + 140*z = 6937. What is the thousands digit of m?
6
Let w be 3/(-1) - -28*(2 + -1). Suppose -w = -5*r, 0*r - 806 = -3*o + 2*r. What is the tens digit of 12/18 - o/(-6)?
4
Suppose -3*r - 126 = 4*r. Let h(d) = 2*d**3 + 36*d**2 - 24*d + 11. What is the units digit of h(r)?
3
Let f(m) = -12*m - 8. Let u be f(3). Let r = u + 46. Suppose 0 = -4*k - r*g + 6*g + 120, -136 = -5*k - 2*g. What is the units digit of k?
8
Let h(d) = -7*d - 35. Let p be h(6). Let c(i) = 5*i**2 + 2*i + 3. Let z be c(-6). Let r = p + z. What is the units digit of r?
4
Suppose -5*z - 39200 = -5*g, -1295*g + 1298*g = -2*z + 23495. What is the units digit of g?
5
Let h(u) = -8484*u**3 - 2*u - 3. What is the hundreds digit of h(-1)?
4
Let w(z) = 6547*z**2 - 6548*z**2 + 97*z**3 + 1 + 0. Let v = -2 + 3. What is the tens digit of w(v)?
9
Let z(t) = 130*t**2 + 14*t + 141. What is the units digit of z(-10)?
1
Let m = 91 - 83. Suppose 5*n - 4*a - 293 = m, -n - 3*a = -64. Suppose 19 = f - n. What is the units digit of f?
0
Let p(u) = -2*u**3 + 100*u**2 + 19*u + 233. What is the thousands digit of p(50)?
1
Let s(q) be the first derivative of 29 - 1/4*q**4 + 2*q**2 - 10*q + 7/3*q**3. What is the units digit of s(7)?
8
Suppose 3*v = -2*k + 23052, -109*k + 114*k - 38425 = -5*v. What is the thousands digit of v?
7
Let z(d) = -d**2 - 14*d + 3. Let c be z(-13). Let y = 42 - c. What is the tens digit of y - (-7 + 4/1)?
2
Suppose 0 = -50*r + 65*r - 1906 - 23624. What is the tens digit of r?
0
Let o(r) be the first derivative of -15*r**2 - 65*r + 1. Let k be o(-15). Let f = k - 131. What is the units digit of f?
4
What is the thousands digit of (-2)/(-46) + (-38395152)/(-828)?
6
Let p(u) = 228*u + 1744. What is the thousands digit of p(11)?
4
Let b be ((-51)/68 - 15/(-4)) + 1547. Suppose -5*o - l = 4*l - b, o - 4*l = 325. What is the units digit of o?
3
Suppose -88 = 41*d - 580. Suppose d*x - 10094 = -1094. What is the hundreds digit of x?
7
Suppose -24 = 3*m - 1731. Let l = 1323 - m. What is the hundreds digit of l?
7
Let t be -6*(1 + (364/(-24))/13). What is the units digit of (2/t)/((-32)/(-18736))?
1
Let w(g) = -37*g - 199 + 2*g**2 - 3*g**2 + 11*g + 173. Let k = 17 + -37. What is the units digit of w(k)?
4
Suppose -22 + 4 = -3*n, -3*p + n = -27405. What is the hundreds digit of p?
1
Let d(f) be the second derivative of 0 + 22*f - 7/2*f**2 + 5/6*f**3. What is the tens digit of d(6)?
2
Suppose -3*k = -1120 - 1523. Let s = -593 + k. What is the hundreds digit of s?
2
Suppose 4*s = -4*d + 164, 5*s = 3*d - 44 - 55. Suppose -d*p = -43*p + 1070. What is the hundreds digit of p?
2
Suppose -7*c + 84 = -0*c. Let l be c/(-4) - (2 + -7 + 1). What is the tens digit of ((-2)/4)/((-5)/570*l)?
5
What is the thousands digit of (-566502)/(-16) + (6 - 714/112)?
5
Let t = 19955 - -7056. What is the tens digit of t?
1
Suppose -w + 328 = 2*w - 4*j, 0 = -5*w + j + 524. Let y = w - -44. Suppose -p + 4*k = -y, -3*k + 270 = 5*p - 424. What is the hundreds digit of p?
1
Let u = 30187 + -21519. What is the thousands digit of u?
8
Let h(m) = m**2 - 4*m + 19. Let r be h(-22). Let f = r + -353. What is the hundreds digit of f?
2
Let j be 0/((-8)/(-2 - 2)). Suppose -4*b + 3*o + 21 = 0, -2*b + 6*b + 5*o - 29 = j. Suppose -b*x + 480 = 2*x. What is the units digit of x?
0
Suppose 33 - 9 = -8*h. Let b be 1/(h/(-2)) + 6/(-9). Suppose 0 = i - 4, b = -k - 7*i + 4*i + 194. What is the hundreds digit of k?
1
Suppose 0 = -4*t + 5*n + 5825, 0*t - 1445 = -t + 5*n. What is the thousands digit of t?
1
Let v(j) = -j**3 + 17*j**2 - 2*j + 10. Let x be v(17). Suppose 5*q - 38 = -8. What is the tens digit of 184/q - 8/x?
3
Suppose 0 = 3*z - 7 - 29. Suppose -z*y + 7*y = 165. What is the tens digit of 438/5 - y/(-55)?
8
What is the tens digit of -7 + 1654*(-8 - (-105)/10)?
2
Let y(l) = 1524*l**2 + 28*l - 57. What is the units digit of y(6)?
5
Let r(l) = 6*l**3 - 2*l**2 - 9*l + 309. What is the hundreds digit of r(12)?
2
What is the tens digit of (-1907720)/(-90) - (-4)/36?
9
Suppose 0 = -278*d + 324*d - 377890. What is the units digit of d?
5
Let b(l) = 142*l + 413. What is the hundreds digit of b(22)?
5
Let r(k) = k**3 - 17*k**2 + 42*k - 37. Let v be r(17). Let t = v + 85. What is the hundreds digit of t?
7
Let t(d) = 34*d**2 - 5*d. Let v be t(5). Let g = 494 - v. Let w = g + 572. What is the tens digit of w?
4
Suppose 5*h - 14 = 11, -2*x + 5*h = 5001. Let k be ((-47)/(-376) + (-6)/16)*8. What is the tens digit of -2 + (-5)/k + x/(-16)?
5
Let y = -2318 + 4303. What is the tens digit of y?
8
Let j = 2817 - 28. What is the thousands digit of j?
2
What is the hundreds digit of (-1 + 0)*(-34102 + 18)?
0
Let h(w) = -w**2 + 10*w - 13. Let k be h(6). Suppose 15*a = k*a. Suppose -p + 77 = -3*i, -p + 92 = -a*p + 2*i. What is the tens digit of p?
8
Suppose -138*v + 7289 + 3722851 = 0. What is the tens digit of v?
3
What is the tens digit of 9 + -12 + -4 + 6850?
4
Suppose 3*v - 2*t = -7*t - 288, -3*v - 288 = -5*t. Let r = v - -236. Suppose 9*c - 13*c = -r. What is the tens digit of c?
3
Let y(o) = -o**3 - 6*o**2 - 3*o - 10. Let c be y(-6). Suppose c*q = q - 245. What is the tens digit of ((-15)/5)/3 - q/1?
3
Suppose -51*u - 34*u + 1556634 = -23*u. What is the units digit of u?
7
Suppose 1492*a = 1419*a + 3180245. What is the hundreds digit of a?
5
Let y(n) = -1087*n + 1. Let i(h) = -543*h. Let s(f) = 13*i(f) - 6*y(f). What is the hundreds digit of s(-1)?
5
Suppose 3*x - 2*o - 49 = 0, -6 = -7*o + 10*o. Suppose 402 = -x*r + 1437. What is the units digit of r?
9
Let h(w) = -w**2 + 15*w - 219. Let g(r) = r**2 - 8*r + 111. Let z(o) = 5*g(o) + 3*h(o). What is the hundreds digit of z(23)?
0
Let k be (7 - (-4 + 5)) + -3. Suppose -k*g + 501 = -3*w, 4*w - 12 = -0*w. Suppose 5*z - i - g = 0, z + i - 21 = 7. What is the tens digit of z?
3
Let t(u) = 4*u**2 - 8*u - 10. Let j be (24/(-14))/((-4)/14). Let d be j*((-15)/(-10))/((-18)/8). What is the units digit of t(d)?
6
Let p = 85 - 55. Let f be (4 - 7)/((9/p)/1). Let x(o) = o**2 - 2*o - 12. What is the tens digit of x(f)?
0
Let h = 104 - 32. Suppose -88 = -4*j - w, 4*j = 3*w - 0*w + h. Let q = j + 47. What is the tens digit of q?
6
Suppose -771 = -4*j + 3*h, -8 + 3 = h. Let m be -531*(1 - -2)/(81/(-18)). Suppose 0 = d - 0*d - z - j, 0 = 2*d + 4*z - m. What is the hundreds digit of d?
1
Let f(q) = 2082*q - 543. What is the units digit of f(16)?
9
Let m(j) = -820*j + 325. What is the thousands digit of m(-4)?
3
Let z = 7593 + 4721. What is the thousands digit of z?
2
Suppose 2*f - 1931 = -j + 22211, -5*f + 72420 = 3*j. What is the tens digit of j?
3
Let i = 97338 + -41503. What is the tens digit of i?
3
Let h = 8157 - -4910. What is the units digit of h?
7
Let l(n) = -n**3 + 13*n**2 - 11*n - 5. Let b be l(12). Suppose b*p + 754 = 166. Let x = p - -167. What is the tens digit of x?
8
Let b(k) = 21*k + 31. Let x(d) = -d. Let o(a) = b(a) + 6*x(a). Let r(t) = -5*t - 10. Let s(z) = 4*o(z) + 14*r(z). What is the tens digit of s(-16)?
4
Let w = 18601 + -10757. Suppose 0 = 11*q - w + 1299. What is the units digit of q?
5
Suppose 2*r - 19553 = -2*a - 1657, -4*a + 35802 = -r. What is the units digit of a?
0
Suppose 3*k = 74625 - 21534. What is the ten thousands digit of k?
1
Suppose -2*s + 3*i = 798, 1604 = -4*s - 8*i + 12*i. Let x = s - -1198. What is the units digit of x?
3
Suppose -143528 = -4*n + 2*t, 27*n + 71772 = 29*n + t. What is the hundreds digit of n?
8
Let i(p) = -4*p**2 - 7*p - 4. Suppose 0 = 4*z, 3*y + 2*z - z = -21. Let m(d) = 8*d**2 + 15*d + 9. Let n(g) = y*i(g) - 3*m(g). What is the units digit of n(-2)?
9
Let x be 2/(-6) - (2 - (-21)/(-9)). Suppose 0 = 5*y + 3*j + 370, -4*y - 4*j - j - 296 = x. Let u = y - -268. What is the units digit of u?
4
Suppose -7*o = 33*o + 127*o - 8588810. What is the tens digit of o?
3
Let m(n) = -163*n + 32*n + 20 - 36*n. What is the hundreds digit of m(-1)?
1
Suppose 31*i - 344727 = 